[INFO] fetching crate tmux-time-tracker 0.1.3...
[INFO] checking tmux-time-tracker-0.1.3 against master#e6e4f7ed1589e03bc2f6c5931c1a72e7947e8682 for beta-170-4
[INFO] extracting crate tmux-time-tracker 0.1.3 into /workspace/builds/worker-6-tc2/source
[INFO] validating manifest of crates.io crate tmux-time-tracker 0.1.3 on toolchain e6e4f7ed1589e03bc2f6c5931c1a72e7947e8682
[INFO] running `Command { std: CARGO_HOME="/workspace/cargo-home" RUSTUP_HOME="/workspace/rustup-home" "/workspace/cargo-home/bin/cargo" "+e6e4f7ed1589e03bc2f6c5931c1a72e7947e8682" "metadata" "--manifest-path" "Cargo.toml" "--no-deps", kill_on_drop: false }`
[INFO] started tweaking crates.io crate tmux-time-tracker 0.1.3
[INFO] finished tweaking crates.io crate tmux-time-tracker 0.1.3
[INFO] tweaked toml for crates.io crate tmux-time-tracker 0.1.3 written to /workspace/builds/worker-6-tc2/source/Cargo.toml
[INFO] crate crates.io crate tmux-time-tracker 0.1.3 already has a lockfile, it will not be regenerated
[INFO] running `Command { std: CARGO_HOME="/workspace/cargo-home" RUSTUP_HOME="/workspace/rustup-home" "/workspace/cargo-home/bin/cargo" "+e6e4f7ed1589e03bc2f6c5931c1a72e7947e8682" "fetch" "--manifest-path" "Cargo.toml", kill_on_drop: false }`
[INFO] running `Command { std: "docker" "create" "-v" "/var/lib/crater-agent-workspace/builds/worker-6-tc2/target:/opt/rustwide/target:rw,Z" "-v" "/var/lib/crater-agent-workspace/builds/worker-6-tc2/source:/opt/rustwide/workdir:ro,Z" "-v" "/var/lib/crater-agent-workspace/cargo-home:/opt/rustwide/cargo-home:ro,Z" "-v" "/var/lib/crater-agent-workspace/rustup-home:/opt/rustwide/rustup-home:ro,Z" "-e" "SOURCE_DIR=/opt/rustwide/workdir" "-e" "CARGO_TARGET_DIR=/opt/rustwide/target" "-e" "CARGO_HOME=/opt/rustwide/cargo-home" "-e" "RUSTUP_HOME=/opt/rustwide/rustup-home" "-w" "/opt/rustwide/workdir" "-m" "1610612736" "--user" "0:0" "--network" "none" "ghcr.io/rust-lang/crates-build-env/linux@sha256:19e73879b68f455e41552ea35293514db52ea292d993f571636dbffedb77a1ee" "/opt/rustwide/cargo-home/bin/cargo" "+e6e4f7ed1589e03bc2f6c5931c1a72e7947e8682" "metadata" "--no-deps" "--format-version=1", kill_on_drop: false }`
[INFO] [stdout] cc02193174c8be85163ab3e8d594980e939a38b31ecf63f21ea2bb35352a06c7
[INFO] running `Command { std: "docker" "start" "-a" "cc02193174c8be85163ab3e8d594980e939a38b31ecf63f21ea2bb35352a06c7", kill_on_drop: false }`
[INFO] running `Command { std: "docker" "inspect" "cc02193174c8be85163ab3e8d594980e939a38b31ecf63f21ea2bb35352a06c7", kill_on_drop: false }`
[INFO] running `Command { std: "docker" "rm" "-f" "cc02193174c8be85163ab3e8d594980e939a38b31ecf63f21ea2bb35352a06c7", kill_on_drop: false }`
[INFO] [stdout] cc02193174c8be85163ab3e8d594980e939a38b31ecf63f21ea2bb35352a06c7
[INFO] running `Command { std: "docker" "create" "-v" "/var/lib/crater-agent-workspace/builds/worker-6-tc2/target:/opt/rustwide/target:rw,Z" "-v" "/var/lib/crater-agent-workspace/builds/worker-6-tc2/source:/opt/rustwide/workdir:ro,Z" "-v" "/var/lib/crater-agent-workspace/cargo-home:/opt/rustwide/cargo-home:ro,Z" "-v" "/var/lib/crater-agent-workspace/rustup-home:/opt/rustwide/rustup-home:ro,Z" "-e" "SOURCE_DIR=/opt/rustwide/workdir" "-e" "CARGO_TARGET_DIR=/opt/rustwide/target" "-e" "CARGO_INCREMENTAL=0" "-e" "RUST_BACKTRACE=full" "-e" "RUSTFLAGS=--cap-lints=forbid" "-e" "RUSTDOCFLAGS=--cap-lints=forbid" "-e" "CARGO_HOME=/opt/rustwide/cargo-home" "-e" "RUSTUP_HOME=/opt/rustwide/rustup-home" "-w" "/opt/rustwide/workdir" "-m" "1610612736" "--user" "0:0" "--network" "none" "ghcr.io/rust-lang/crates-build-env/linux@sha256:19e73879b68f455e41552ea35293514db52ea292d993f571636dbffedb77a1ee" "/opt/rustwide/cargo-home/bin/cargo" "+e6e4f7ed1589e03bc2f6c5931c1a72e7947e8682" "check" "--frozen" "--all" "--all-targets" "--message-format=json", kill_on_drop: false }`
[INFO] [stdout] 66948b251529762dc0de41b4853e22ccba876ec60f881a89ef855ba07725f6cb
[INFO] running `Command { std: "docker" "start" "-a" "66948b251529762dc0de41b4853e22ccba876ec60f881a89ef855ba07725f6cb", kill_on_drop: false }`
[INFO] [stderr]    Compiling autocfg v1.1.0
[INFO] [stderr]    Compiling libc v0.2.142
[INFO] [stderr]    Compiling version_check v0.9.4
[INFO] [stderr]    Compiling cc v1.0.79
[INFO] [stderr]    Compiling proc-macro2 v1.0.56
[INFO] [stderr]    Compiling cfg-if v1.0.0
[INFO] [stderr]    Compiling quote v1.0.26
[INFO] [stderr]    Compiling unicode-ident v1.0.8
[INFO] [stderr]    Compiling log v0.4.17
[INFO] [stderr]    Compiling futures-core v0.3.28
[INFO] [stderr]    Compiling typenum v1.16.0
[INFO] [stderr]    Compiling once_cell v1.17.1
[INFO] [stderr]    Compiling lock_api v0.4.9
[INFO] [stderr]    Compiling generic-array v0.14.7
[INFO] [stderr]    Compiling num-traits v0.2.15
[INFO] [stderr]    Compiling ahash v0.7.6
[INFO] [stderr]     Checking scopeguard v1.1.0
[INFO] [stderr]    Compiling slab v0.4.8
[INFO] [stderr]    Compiling syn v2.0.15
[INFO] [stderr]    Compiling memchr v2.5.0
[INFO] [stderr]    Compiling futures-task v0.3.28
[INFO] [stderr]     Checking smallvec v1.10.0
[INFO] [stderr]    Compiling syn v1.0.109
[INFO] [stderr]    Compiling parking_lot_core v0.8.6
[INFO] [stderr]    Compiling rustls v0.20.8
[INFO] [stderr]    Compiling ring v0.16.20
[INFO] [stderr]    Compiling untrusted v0.7.1
[INFO] [stderr]    Compiling spin v0.5.2
[INFO] [stderr]    Compiling num-integer v0.1.45
[INFO] [stderr]    Compiling futures-util v0.3.28
[INFO] [stderr]    Compiling pin-project-lite v0.2.9
[INFO] [stderr]    Compiling parking_lot_core v0.9.7
[INFO] [stderr]    Compiling crossbeam-utils v0.8.15
[INFO] [stderr]    Compiling tokio v1.28.0
[INFO] [stderr]    Compiling tinyvec_macros v0.1.1
[INFO] [stderr]    Compiling vcpkg v0.2.15
[INFO] [stderr]    Compiling pkg-config v0.3.27
[INFO] [stderr]    Compiling tinyvec v1.6.0
[INFO] [stderr]    Compiling mio v0.8.6
[INFO] [stderr]    Compiling libsqlite3-sys v0.24.2
[INFO] [stderr]    Compiling num_cpus v1.15.0
[INFO] [stderr]    Compiling socket2 v0.4.9
[INFO] [stderr]    Compiling getrandom v0.2.9
[INFO] [stderr]    Compiling indexmap v1.9.3
[INFO] [stderr]    Compiling crossbeam-queue v0.3.8
[INFO] [stderr]    Compiling bytes v1.4.0
[INFO] [stderr]    Compiling futures-sink v0.3.28
[INFO] [stderr]    Compiling thiserror v1.0.40
[INFO] [stderr]    Compiling futures-channel v0.3.28
[INFO] [stderr]    Compiling webpki v0.22.0
[INFO] [stderr]    Compiling sct v0.7.0
[INFO] [stderr]    Compiling unicode-normalization v0.1.22
[INFO] [stderr]     Checking parking_lot v0.12.1
[INFO] [stderr]     Checking signal-hook-registry v1.4.1
[INFO] [stderr]    Compiling instant v0.1.12
[INFO] [stderr]    Compiling paste v1.0.12
[INFO] [stderr]    Compiling unicode-bidi v0.3.13
[INFO] [stderr]    Compiling thiserror-impl v1.0.40
[INFO] [stderr]    Compiling tokio-macros v2.1.0
[INFO] [stderr]    Compiling hashbrown v0.12.3
[INFO] [stderr]    Compiling block-buffer v0.10.4
[INFO] [stderr]    Compiling crypto-common v0.1.6
[INFO] [stderr]    Compiling pin-project-internal v1.0.12
[INFO] [stderr]    Compiling either v1.8.1
[INFO] [stderr]    Compiling pin-utils v0.1.0
[INFO] [stderr]    Compiling percent-encoding v2.2.0
[INFO] [stderr]    Compiling minimal-lexical v0.2.1
[INFO] [stderr]    Compiling tokio-rustls v0.23.4
[INFO] [stderr]    Compiling nom v7.1.3
[INFO] [stderr]    Compiling form_urlencoded v1.1.0
[INFO] [stderr]    Compiling itertools v0.10.5
[INFO] [stderr]    Compiling pin-project v1.0.12
[INFO] [stderr]    Compiling digest v0.10.6
[INFO] [stderr]    Compiling parking_lot v0.11.2
[INFO] [stderr]    Compiling idna v0.3.0
[INFO] [stderr]    Compiling spin v0.9.8
[INFO] [stderr]    Compiling base64 v0.21.0
[INFO] [stderr]    Compiling crc-catalog v2.2.0
[INFO] [stderr]    Compiling iana-time-zone v0.1.56
[INFO] [stderr]    Compiling unicode_categories v0.1.1
[INFO] [stderr]    Compiling cpufeatures v0.2.7
[INFO] [stderr]    Compiling sha2 v0.10.6
[INFO] [stderr]    Compiling futures-executor v0.3.28
[INFO] [stderr]    Compiling rustls-pemfile v1.0.2
[INFO] [stderr]    Compiling sqlformat v0.2.1
[INFO] [stderr]    Compiling chrono v0.4.24
[INFO] [stderr]    Compiling crc v3.0.1
[INFO] [stderr]    Compiling url v2.3.1
[INFO] [stderr]    Compiling flume v0.10.14
[INFO] [stderr]    Compiling futures-intrusive v0.4.2
[INFO] [stderr]    Compiling sqlx-rt v0.6.3
[INFO] [stderr]    Compiling tokio-stream v0.1.14
[INFO] [stderr]    Compiling hashlink v0.8.1
[INFO] [stderr]    Compiling stringprep v0.1.2
[INFO] [stderr]    Compiling atoi v1.0.0
[INFO] [stderr]    Compiling webpki-roots v0.22.6
[INFO] [stderr]    Compiling bitflags v1.3.2
[INFO] [stderr]    Compiling event-listener v2.5.3
[INFO] [stderr]    Compiling dotenvy v0.15.7
[INFO] [stderr]    Compiling itoa v1.0.6
[INFO] [stderr]    Compiling byteorder v1.4.3
[INFO] [stderr]    Compiling hex v0.4.3
[INFO] [stderr]    Compiling unicode-segmentation v1.10.1
[INFO] [stderr]    Compiling sqlx-core v0.6.3
[INFO] [stderr]    Compiling heck v0.4.1
[INFO] [stderr]    Compiling anyhow v1.0.71
[INFO] [stderr]     Checking dirs-sys v0.3.7
[INFO] [stderr]     Checking dotenv v0.15.0
[INFO] [stderr]     Checking dirs v3.0.2
[INFO] [stderr]    Compiling sqlx-macros v0.6.3
[INFO] [stderr]     Checking sqlx v0.6.3
[INFO] [stderr]     Checking tmux-time-tracker v0.1.3 (/opt/rustwide/workdir)
[INFO] [stdout] error: error returned from database: (code: 14) unable to open database file
[INFO] [stdout]   --> src/session_tracker.rs:31:9
[INFO] [stdout]    |
[INFO] [stdout] 31 | /         sqlx::query!(
[INFO] [stdout] 32 | |             r#"
[INFO] [stdout] 33 | |             INSERT INTO session_times (session_name, last_attached_time)
[INFO] [stdout] 34 | |                 VALUES (?, unixepoch())
[INFO] [stdout] ...  |
[INFO] [stdout] 38 | |             session_name
[INFO] [stdout] 39 | |         )
[INFO] [stdout]    | |_________^
[INFO] [stdout]    |
[INFO] [stdout]    = note: this error originates in the macro `$crate::sqlx_macros::expand_query` which comes from the expansion of the macro `sqlx::query` (in Nightly builds, run with -Z macro-backtrace for more info)
[INFO] [stdout] 
[INFO] [stdout] 
[INFO] [stdout] error: error returned from database: (code: 14) unable to open database file
[INFO] [stdout]   --> src/session_tracker.rs:31:9
[INFO] [stdout]    |
[INFO] [stdout] 31 | /         sqlx::query!(
[INFO] [stdout] 32 | |             r#"
[INFO] [stdout] 33 | |             INSERT INTO session_times (session_name, last_attached_time)
[INFO] [stdout] 34 | |                 VALUES (?, unixepoch())
[INFO] [stdout] ...  |
[INFO] [stdout] 38 | |             session_name
[INFO] [stdout] 39 | |         )
[INFO] [stdout]    | |_________^
[INFO] [stdout]    |
[INFO] [stdout]    = note: this error originates in the macro `$crate::sqlx_macros::expand_query` which comes from the expansion of the macro `sqlx::query` (in Nightly builds, run with -Z macro-backtrace for more info)
[INFO] [stdout] 
[INFO] [stdout] 
[INFO] [stdout] error: error returned from database: (code: 14) unable to open database file
[INFO] [stdout]   --> src/session_tracker.rs:52:9
[INFO] [stdout]    |
[INFO] [stdout] 52 | /         sqlx::query!(
[INFO] [stdout] 53 | |             "
[INFO] [stdout] 54 | |             WITH records AS (
[INFO] [stdout] 55 | |                 SELECT session_name, (unixepoch() - last_attached_time) as attached_time
[INFO] [stdout] ...  |
[INFO] [stdout] 65 | |             "
[INFO] [stdout] 66 | |         )
[INFO] [stdout]    | |_________^
[INFO] [stdout]    |
[INFO] [stdout]    = note: this error originates in the macro `$crate::sqlx_macros::expand_query` which comes from the expansion of the macro `sqlx::query` (in Nightly builds, run with -Z macro-backtrace for more info)
[INFO] [stdout] 
[INFO] [stdout] 
[INFO] [stdout] error: error returned from database: (code: 14) unable to open database file
[INFO] [stdout]   --> src/session_tracker.rs:52:9
[INFO] [stdout]    |
[INFO] [stdout] 52 | /         sqlx::query!(
[INFO] [stdout] 53 | |             "
[INFO] [stdout] 54 | |             WITH records AS (
[INFO] [stdout] 55 | |                 SELECT session_name, (unixepoch() - last_attached_time) as attached_time
[INFO] [stdout] ...  |
[INFO] [stdout] 65 | |             "
[INFO] [stdout] 66 | |         )
[INFO] [stdout]    | |_________^
[INFO] [stdout]    |
[INFO] [stdout]    = note: this error originates in the macro `$crate::sqlx_macros::expand_query` which comes from the expansion of the macro `sqlx::query` (in Nightly builds, run with -Z macro-backtrace for more info)
[INFO] [stdout] 
[INFO] [stdout] 
[INFO] [stdout] error: error returned from database: (code: 14) unable to open database file
[INFO] [stdout]   --> src/session_tracker.rs:71:9
[INFO] [stdout]    |
[INFO] [stdout] 71 |         sqlx::query!("UPDATE session_times SET last_attached_time = NULL WHERE last_attached_time IS NOT NULL")
[INFO] [stdout]    |         ^^^^^^^^^^^^^^^^^^^^^^^^^^^^^^^^^^^^^^^^^^^^^^^^^^^^^^^^^^^^^^^^^^^^^^^^^^^^^^^^^^^^^^^^^^^^^^^^^^^^^^^
[INFO] [stdout]    |
[INFO] [stdout]    = note: this error originates in the macro `$crate::sqlx_macros::expand_query` which comes from the expansion of the macro `sqlx::query` (in Nightly builds, run with -Z macro-backtrace for more info)
[INFO] [stdout] 
[INFO] [stdout] 
[INFO] [stdout] error: error returned from database: (code: 14) unable to open database file
[INFO] [stdout]   --> src/session_tracker.rs:71:9
[INFO] [stdout]    |
[INFO] [stdout] 71 |         sqlx::query!("UPDATE session_times SET last_attached_time = NULL WHERE last_attached_time IS NOT NULL")
[INFO] [stdout]    |         ^^^^^^^^^^^^^^^^^^^^^^^^^^^^^^^^^^^^^^^^^^^^^^^^^^^^^^^^^^^^^^^^^^^^^^^^^^^^^^^^^^^^^^^^^^^^^^^^^^^^^^^
[INFO] [stdout]    |
[INFO] [stdout]    = note: this error originates in the macro `$crate::sqlx_macros::expand_query` which comes from the expansion of the macro `sqlx::query` (in Nightly builds, run with -Z macro-backtrace for more info)
[INFO] [stdout] 
[INFO] [stdout] 
[INFO] [stdout] error: error returned from database: (code: 14) unable to open database file
[INFO] [stdout]   --> src/session_tracker.rs:82:22
[INFO] [stdout]    |
[INFO] [stdout] 82 |           let record = sqlx::query!(
[INFO] [stdout]    |  ______________________^
[INFO] [stdout] 83 | |             r#"SELECT time_attached FROM previous_session_times WHERE session_name = ? AND day = date()"#,
[INFO] [stdout] 84 | |             session_name
[INFO] [stdout] 85 | |         )
[INFO] [stdout]    | |_________^
[INFO] [stdout]    |
[INFO] [stdout]    = note: this error originates in the macro `$crate::sqlx_macros::expand_query` which comes from the expansion of the macro `sqlx::query` (in Nightly builds, run with -Z macro-backtrace for more info)
[INFO] [stdout] 
[INFO] [stdout] 
[INFO] [stdout] error: error returned from database: (code: 14) unable to open database file
[INFO] [stdout]   --> src/session_tracker.rs:82:22
[INFO] [stdout]    |
[INFO] [stdout] 82 |           let record = sqlx::query!(
[INFO] [stdout]    |  ______________________^
[INFO] [stdout] 83 | |             r#"SELECT time_attached FROM previous_session_times WHERE session_name = ? AND day = date()"#,
[INFO] [stdout] 84 | |             session_name
[INFO] [stdout] 85 | |         )
[INFO] [stdout]    | |_________^
[INFO] [stdout]    |
[INFO] [stdout]    = note: this error originates in the macro `$crate::sqlx_macros::expand_query` which comes from the expansion of the macro `sqlx::query` (in Nightly builds, run with -Z macro-backtrace for more info)
[INFO] [stdout] 
[INFO] [stdout] 
[INFO] [stdout] error: aborting due to 4 previous errors
[INFO] [stdout] 
[INFO] [stdout] 
[INFO] [stdout] error: aborting due to 4 previous errors
[INFO] [stdout] 
[INFO] [stdout] 
[INFO] [stderr] error: could not compile `tmux-time-tracker` (lib) due to 5 previous errors
[INFO] [stderr] warning: build failed, waiting for other jobs to finish...
[INFO] [stderr] error: could not compile `tmux-time-tracker` (lib test) due to 5 previous errors
[INFO] running `Command { std: "docker" "inspect" "66948b251529762dc0de41b4853e22ccba876ec60f881a89ef855ba07725f6cb", kill_on_drop: false }`
[INFO] running `Command { std: "docker" "rm" "-f" "66948b251529762dc0de41b4853e22ccba876ec60f881a89ef855ba07725f6cb", kill_on_drop: false }`
[INFO] [stdout] 66948b251529762dc0de41b4853e22ccba876ec60f881a89ef855ba07725f6cb
